{"id":364,"date":"2022-11-22T13:23:06","date_gmt":"2022-11-22T12:23:06","guid":{"rendered":"https:\/\/bistrotsoleil.com\/?page_id=364"},"modified":"2022-11-22T14:08:03","modified_gmt":"2022-11-22T13:08:03","slug":"mentions-legales","status":"publish","type":"page","link":"https:\/\/bistrotsoleil.com\/index.php\/mentions-legales\/","title":{"rendered":"Mentions L\u00e9gales"},"content":{"rendered":"\t\t<div data-elementor-type=\"wp-page\" data-elementor-id=\"364\" class=\"elementor elementor-364\">\n\t\t\t\t\t\t<section class=\"elementor-section elementor-top-section elementor-element elementor-element-d36965d elementor-section-boxed elementor-section-height-default elementor-section-height-default\" data-id=\"d36965d\" data-element_type=\"section\">\n\t\t\t\t\t\t<div class=\"elementor-container elementor-column-gap-default\">\n\t\t\t\t\t<div class=\"elementor-column elementor-col-100 elementor-top-column elementor-element elementor-element-84e3c12\" data-id=\"84e3c12\" data-element_type=\"column\">\n\t\t\t<div class=\"elementor-widget-wrap elementor-element-populated\">\n\t\t\t\t\t\t<div class=\"elementor-element elementor-element-3e16fc4 elementor-widget elementor-widget-spacer\" data-id=\"3e16fc4\" data-element_type=\"widget\" data-widget_type=\"spacer.default\">\n\t\t\t\t<div class=\"elementor-widget-container\">\n\t\t\t\t\t\t\t<div class=\"elementor-spacer\">\n\t\t\t<div class=\"elementor-spacer-inner\"><\/div>\n\t\t<\/div>\n\t\t\t\t\t\t<\/div>\n\t\t\t\t<\/div>\n\t\t\t\t\t<\/div>\n\t\t<\/div>\n\t\t\t\t\t<\/div>\n\t\t<\/section>\n\t\t\t\t<section class=\"elementor-section elementor-top-section elementor-element elementor-element-f6eecd2 elementor-section-boxed elementor-section-height-default elementor-section-height-default\" data-id=\"f6eecd2\" data-element_type=\"section\">\n\t\t\t\t\t\t<div class=\"elementor-container elementor-column-gap-default\">\n\t\t\t\t\t<div class=\"elementor-column elementor-col-100 elementor-top-column elementor-element elementor-element-6fe345a\" data-id=\"6fe345a\" data-element_type=\"column\">\n\t\t\t<div class=\"elementor-widget-wrap elementor-element-populated\">\n\t\t\t\t\t\t<div class=\"elementor-element elementor-element-276613d elementor-widget elementor-widget-text-editor\" data-id=\"276613d\" data-element_type=\"widget\" data-widget_type=\"text-editor.default\">\n\t\t\t\t<div class=\"elementor-widget-container\">\n\t\t\t\t\t\t\t\t\t<p><b>Loi informatique et libert\u00e9s :<\/b>&nbsp;<\/p>\n<p>Conform\u00e9ment \u00e0 l\u2019article 39 de la loi \u00ab&nbsp;Informatique et Libert\u00e9s&nbsp;\u00bb du 6 janvier 1978, l\u2019utilisateur dispose d\u2019un droit d\u2019acc\u00e8s, de modification, de rectification et de suppression des donn\u00e9es le concernant. Pour l\u2019exercice de ces droits, l\u2019utilisateur est invit\u00e9 \u00e0 s\u2019adresser par courriel \u00e0 bistrotsoleil@gmail.com. Il peut aussi \u00e9crire au Responsable de publication.&nbsp;<\/p>\n<p>Responsable de publication :&nbsp;<\/p>\n<p>Bistrot Soleil<\/p>\n<p>M Robert Michel<\/p>\n<p>25 avenue Miln&nbsp;<\/p>\n<p>56340 Carnac<\/p>\n<p>Siret :&nbsp;<span style=\"color: var(--global-palette4); font-family: var(--global-body-font-family);\">75407810300019<\/span><\/p>\n<p>L\u2019utilisateur peut \u00e9galement, pour des motifs l\u00e9gitimes, s\u2019opposer au traitement des donn\u00e9es le concernant. L\u2019utilisateur trouvera des informations sur ses droits et devoirs et sur la protection des donn\u00e9es individuelles sur le site de la \u00ab&nbsp;Commission Nationale Informatique et Libert\u00e9s&nbsp;\u00bb.<\/p>\n<p>Les utilisateurs du site Internet https:\/\/www.bistrotsoleil.com sont invit\u00e9s \u00e0 faire conna\u00eetre \u00e0 M Michel Robert leurs remarques sur d\u2019\u00e9ventuels dysfonctionnements du site, au regard des libert\u00e9s individuelles, \u00e0 l\u2019une ou l\u2019autre des adresses indiqu\u00e9es ci-avant.&nbsp;<\/p>\n<p>Cr\u00e9ation du site internet :&nbsp;<\/p>\n<p>SARL BISTROT SOLEIL<\/p>\n<p>25 Avenue Miln, 56340 Carnac<\/p>\n<p>Siret : 75407810300019<\/p>\n<p>Email : bistrotsoleil@gmail.com<\/p>\n<p>H\u00e9bergeur du site Interne :<\/p>\n<p>OVH<\/p>\n<p>2 rue Kellermann \u2013 59100 Roubaix \u2013 France<\/p>\n<p><b>Propri\u00e9t\u00e9 Intellectuelle<\/b><\/p>\n<p>Le pr\u00e9sent site Internet pris dans sa globalit\u00e9 et chacun des \u00e9l\u00e9ments qui le composent pris ind\u00e9pendamment, notamment les programmes et d\u00e9veloppements sp\u00e9cifiques et les contenus incluant des donn\u00e9es, textes, images fixes ou anim\u00e9es, logotypes, sons, graphiques, fichiers, sont la propri\u00e9t\u00e9 exclusive du responsable de la publication, du cr\u00e9ateur du site Internet ou de tiers qui lui ont conc\u00e9d\u00e9 une licence. Toute repr\u00e9sentation totale ou partielle du site ou de l\u2019un des \u00e9l\u00e9ments qui le composent sans l\u2019autorisation expresse du titulaire des droits de propri\u00e9t\u00e9 intellectuelle est interdite et constituerait une contrefa\u00e7on sanctionn\u00e9e par les articles L.335-2 et suivants du Code de la propri\u00e9t\u00e9 intellectuelle.<\/p>\n<p>Les bases de donn\u00e9es pr\u00e9sentes sur le site sont prot\u00e9g\u00e9es par les articles L.341-1 et suivants du Code de la propri\u00e9t\u00e9 intellectuelle et est sanctionn\u00e9e toute extraction ou r\u00e9utilisation qualitativement ou quantitativement substantielle du contenu des bases de donn\u00e9es. Politique de protection des donn\u00e9es<\/p>\n<p>La pr\u00e9sente politique de protection des donn\u00e9es permet de vous informer sur les conditions dans lesquelles vos donn\u00e9es personnelles sont susceptibles d\u2019\u00eatre trait\u00e9es et sur vos droits en application de la r\u00e9glementation Informatique et libert\u00e9s. La soci\u00e9t\u00e9 Bistrot Soleil, en qualit\u00e9 de responsable de traitement, s\u2019engage \u00e0 faire ses meilleurs efforts afin de garantir la confidentialit\u00e9 et la s\u00e9curit\u00e9 de vos donn\u00e9es \u00e0 caract\u00e8re personnel.&nbsp;<\/p>\n<p>Comment sont trait\u00e9es vos donn\u00e9es ?<\/p>\n<p>Nous recueillons et utilisons les informations personnelles transmises \u00e0 votre initiative depuis le formulaire de contact, l\u2019agenda, l\u2019adresse mail ou postale disponibles sur le pr\u00e9sent site Internet. Au cas particulier, les donn\u00e9es sollicit\u00e9es sur le formulaire de contact s\u2019av\u00e8rent indispensables pour permettre votre authentification et r\u00e9pondre \u00e0 vos besoins. Le traitement de vos donn\u00e9es a pour finalit\u00e9 la gestion administrative des dossiers-clients et de la relation-client. Ainsi, nous nous engageons \u00e0 ne traiter vos donn\u00e9es personnelles que lorsque leur traitement est n\u00e9cessaire \u00e0 la formation et\/ou l\u2019ex\u00e9cution du contrat auquel vous \u00eates parti ou entendez \u00eatre parti.<\/p>\n<p>Vos donn\u00e9es ne sont conserv\u00e9es que pour la dur\u00e9e strictement n\u00e9cessaire \u00e0 la finalit\u00e9 susvis\u00e9e et pour r\u00e9pondre \u00e0 certaines obligations l\u00e9gales, notamment en mati\u00e8re de lutte contre la fraude.<\/p>\n<p>Elles ne sont en aucun cas partag\u00e9es ou vendues \u00e0 un tiers pour un usage commercial. Les autres entit\u00e9s susceptibles de traiter vos donn\u00e9es sont l\u2019\u00e9diteur et l\u2019h\u00e9bergeur du pr\u00e9sent site Internet, outre \u00e9ventuellement l\u2019\u00e9diteur et l\u2019h\u00e9bergeur du module de paiement en ligne.&nbsp;<\/p>\n<p>Quels sont vos droits ?<\/p>\n<p>En application des articles 14 \u00e0 22 du R\u00e8glement g\u00e9n\u00e9ral sur la protection des donn\u00e9es n\u00b02016\/679 du 27 avril 2016, vous avez la facult\u00e9 d\u2019exercer les droits suivants sur vos donn\u00e9es \u00e0 caract\u00e8re personnel :<\/p>\n<p>droit d\u2019acc\u00e8s,<\/p>\n<p>droit de rectification,<\/p>\n<p>droit d\u2019opposition et d\u2019effacement,<\/p>\n<p>droit \u00e0 la limitation du traitement,<\/p>\n<p>droit \u00e0 la portabilit\u00e9 de vos donn\u00e9es.<\/p>\n<p>Vous pouvez \u00e9galement formuler des directives relatives \u00e0 la conservation, \u00e0 l\u2019effacement et \u00e0 la communication de vos donn\u00e9es \u00e0 caract\u00e8re personnel apr\u00e8s votre d\u00e9c\u00e8s, conform\u00e9ment \u00e0 l\u2019article 40-1 de la loi 78-17 du 6 janvier 1978. Ces directives peuvent \u00eatre g\u00e9n\u00e9rales ou particuli\u00e8res.<\/p>\n<p>Si vous deviez constater le non-respect de la r\u00e9glementation sur la protection des donn\u00e9es, vous avez le droit de d\u00e9poser une plainte aupr\u00e8s de la CNIL. Nous vous recommandons cependant de bien vouloir en premier lieu r\u00e9soudre tout probl\u00e8me avec nous avant de d\u00e9poser votre plainte.<\/p>\n<p>Pour toute demande ou pr\u00e9occupation concernant la politique de protection des donn\u00e9es, veuillez nous contacter par courriel \u00e9lectronique : bistrotsoleil@gmail.fr.<\/p>\t\t\t\t\t\t\t\t<\/div>\n\t\t\t\t<\/div>\n\t\t\t\t\t<\/div>\n\t\t<\/div>\n\t\t\t\t\t<\/div>\n\t\t<\/section>\n\t\t\t\t<\/div>\n\t\t","protected":false},"excerpt":{"rendered":"<p>Loi informatique et libert\u00e9s :&nbsp; Conform\u00e9ment \u00e0 l\u2019article 39 de la loi \u00ab&nbsp;Informatique et Libert\u00e9s&nbsp;\u00bb du 6 janvier 1978, l\u2019utilisateur dispose d\u2019un droit d\u2019acc\u00e8s, de modification, de rectification et de suppression des donn\u00e9es le concernant. Pour l\u2019exercice de ces droits, l\u2019utilisateur est invit\u00e9 \u00e0 s\u2019adresser par courriel \u00e0 bistrotsoleil@gmail.com. Il peut aussi \u00e9crire au Responsable&#8230;<\/p>\n","protected":false},"author":1,"featured_media":0,"parent":0,"menu_order":0,"comment_status":"closed","ping_status":"closed","template":"","meta":{"_kad_post_transparent":"","_kad_post_title":"hide","_kad_post_layout":"fullwidth","_kad_post_sidebar_id":"","_kad_post_content_style":"unboxed","_kad_post_vertical_padding":"hide","_kad_post_feature":"hide","_kad_post_feature_position":"","_kad_post_header":false,"_kad_post_footer":false,"footnotes":""},"class_list":["post-364","page","type-page","status-publish","hentry"],"yoast_head":"<!-- This site is optimized with the Yoast SEO plugin v25.1 - https:\/\/yoast.com\/wordpress\/plugins\/seo\/ -->\n<title>Mentions L\u00e9gales - Bistrot Soleil<\/title>\n<meta name=\"robots\" content=\"index, follow, max-snippet:-1, max-image-preview:large, max-video-preview:-1\" \/>\n<link rel=\"canonical\" href=\"https:\/\/bistrotsoleil.com\/index.php\/mentions-legales\/\" \/>\n<meta property=\"og:locale\" content=\"fr_FR\" \/>\n<meta property=\"og:type\" content=\"article\" \/>\n<meta property=\"og:title\" content=\"Mentions L\u00e9gales - Bistrot Soleil\" \/>\n<meta property=\"og:description\" content=\"Loi informatique et libert\u00e9s :&nbsp; Conform\u00e9ment \u00e0 l\u2019article 39 de la loi \u00ab&nbsp;Informatique et Libert\u00e9s&nbsp;\u00bb du 6 janvier 1978, l\u2019utilisateur dispose d\u2019un droit d\u2019acc\u00e8s, de modification, de rectification et de suppression des donn\u00e9es le concernant. Pour l\u2019exercice de ces droits, l\u2019utilisateur est invit\u00e9 \u00e0 s\u2019adresser par courriel \u00e0 bistrotsoleil@gmail.com. Il peut aussi \u00e9crire au Responsable...\" \/>\n<meta property=\"og:url\" content=\"https:\/\/bistrotsoleil.com\/index.php\/mentions-legales\/\" \/>\n<meta property=\"og:site_name\" content=\"Bistrot Soleil\" \/>\n<meta property=\"article:modified_time\" content=\"2022-11-22T13:08:03+00:00\" \/>\n<meta name=\"twitter:card\" content=\"summary_large_image\" \/>\n<meta name=\"twitter:label1\" content=\"Dur\u00e9e de lecture estim\u00e9e\" \/>\n\t<meta name=\"twitter:data1\" content=\"4 minutes\" \/>\n<script type=\"application\/ld+json\" class=\"yoast-schema-graph\">{\"@context\":\"https:\/\/schema.org\",\"@graph\":[{\"@type\":\"WebPage\",\"@id\":\"https:\/\/bistrotsoleil.com\/index.php\/mentions-legales\/\",\"url\":\"https:\/\/bistrotsoleil.com\/index.php\/mentions-legales\/\",\"name\":\"Mentions L\u00e9gales - Bistrot Soleil\",\"isPartOf\":{\"@id\":\"https:\/\/bistrotsoleil.com\/#website\"},\"datePublished\":\"2022-11-22T12:23:06+00:00\",\"dateModified\":\"2022-11-22T13:08:03+00:00\",\"breadcrumb\":{\"@id\":\"https:\/\/bistrotsoleil.com\/index.php\/mentions-legales\/#breadcrumb\"},\"inLanguage\":\"fr-FR\",\"potentialAction\":[{\"@type\":\"ReadAction\",\"target\":[\"https:\/\/bistrotsoleil.com\/index.php\/mentions-legales\/\"]}]},{\"@type\":\"BreadcrumbList\",\"@id\":\"https:\/\/bistrotsoleil.com\/index.php\/mentions-legales\/#breadcrumb\",\"itemListElement\":[{\"@type\":\"ListItem\",\"position\":1,\"name\":\"Accueil\",\"item\":\"https:\/\/bistrotsoleil.com\/\"},{\"@type\":\"ListItem\",\"position\":2,\"name\":\"Mentions L\u00e9gales\"}]},{\"@type\":\"WebSite\",\"@id\":\"https:\/\/bistrotsoleil.com\/#website\",\"url\":\"https:\/\/bistrotsoleil.com\/\",\"name\":\"Bistrot Soleil\",\"description\":\"\",\"publisher\":{\"@id\":\"https:\/\/bistrotsoleil.com\/#organization\"},\"potentialAction\":[{\"@type\":\"SearchAction\",\"target\":{\"@type\":\"EntryPoint\",\"urlTemplate\":\"https:\/\/bistrotsoleil.com\/?s={search_term_string}\"},\"query-input\":{\"@type\":\"PropertyValueSpecification\",\"valueRequired\":true,\"valueName\":\"search_term_string\"}}],\"inLanguage\":\"fr-FR\"},{\"@type\":\"Organization\",\"@id\":\"https:\/\/bistrotsoleil.com\/#organization\",\"name\":\"Bistrot Soleil\",\"url\":\"https:\/\/bistrotsoleil.com\/\",\"logo\":{\"@type\":\"ImageObject\",\"inLanguage\":\"fr-FR\",\"@id\":\"https:\/\/bistrotsoleil.com\/#\/schema\/logo\/image\/\",\"url\":\"https:\/\/bistrotsoleil.com\/wp-content\/uploads\/2022\/10\/cropped-Logo-Bistrot-Soleil-transparent-.png\",\"contentUrl\":\"https:\/\/bistrotsoleil.com\/wp-content\/uploads\/2022\/10\/cropped-Logo-Bistrot-Soleil-transparent-.png\",\"width\":1072,\"height\":1048,\"caption\":\"Bistrot Soleil\"},\"image\":{\"@id\":\"https:\/\/bistrotsoleil.com\/#\/schema\/logo\/image\/\"}}]}<\/script>\n<!-- \/ Yoast SEO plugin. -->","yoast_head_json":{"title":"Mentions L\u00e9gales - Bistrot Soleil","robots":{"index":"index","follow":"follow","max-snippet":"max-snippet:-1","max-image-preview":"max-image-preview:large","max-video-preview":"max-video-preview:-1"},"canonical":"https:\/\/bistrotsoleil.com\/index.php\/mentions-legales\/","og_locale":"fr_FR","og_type":"article","og_title":"Mentions L\u00e9gales - Bistrot Soleil","og_description":"Loi informatique et libert\u00e9s :&nbsp; Conform\u00e9ment \u00e0 l\u2019article 39 de la loi \u00ab&nbsp;Informatique et Libert\u00e9s&nbsp;\u00bb du 6 janvier 1978, l\u2019utilisateur dispose d\u2019un droit d\u2019acc\u00e8s, de modification, de rectification et de suppression des donn\u00e9es le concernant. Pour l\u2019exercice de ces droits, l\u2019utilisateur est invit\u00e9 \u00e0 s\u2019adresser par courriel \u00e0 bistrotsoleil@gmail.com. Il peut aussi \u00e9crire au Responsable...","og_url":"https:\/\/bistrotsoleil.com\/index.php\/mentions-legales\/","og_site_name":"Bistrot Soleil","article_modified_time":"2022-11-22T13:08:03+00:00","twitter_card":"summary_large_image","twitter_misc":{"Dur\u00e9e de lecture estim\u00e9e":"4 minutes"},"schema":{"@context":"https:\/\/schema.org","@graph":[{"@type":"WebPage","@id":"https:\/\/bistrotsoleil.com\/index.php\/mentions-legales\/","url":"https:\/\/bistrotsoleil.com\/index.php\/mentions-legales\/","name":"Mentions L\u00e9gales - Bistrot Soleil","isPartOf":{"@id":"https:\/\/bistrotsoleil.com\/#website"},"datePublished":"2022-11-22T12:23:06+00:00","dateModified":"2022-11-22T13:08:03+00:00","breadcrumb":{"@id":"https:\/\/bistrotsoleil.com\/index.php\/mentions-legales\/#breadcrumb"},"inLanguage":"fr-FR","potentialAction":[{"@type":"ReadAction","target":["https:\/\/bistrotsoleil.com\/index.php\/mentions-legales\/"]}]},{"@type":"BreadcrumbList","@id":"https:\/\/bistrotsoleil.com\/index.php\/mentions-legales\/#breadcrumb","itemListElement":[{"@type":"ListItem","position":1,"name":"Accueil","item":"https:\/\/bistrotsoleil.com\/"},{"@type":"ListItem","position":2,"name":"Mentions L\u00e9gales"}]},{"@type":"WebSite","@id":"https:\/\/bistrotsoleil.com\/#website","url":"https:\/\/bistrotsoleil.com\/","name":"Bistrot Soleil","description":"","publisher":{"@id":"https:\/\/bistrotsoleil.com\/#organization"},"potentialAction":[{"@type":"SearchAction","target":{"@type":"EntryPoint","urlTemplate":"https:\/\/bistrotsoleil.com\/?s={search_term_string}"},"query-input":{"@type":"PropertyValueSpecification","valueRequired":true,"valueName":"search_term_string"}}],"inLanguage":"fr-FR"},{"@type":"Organization","@id":"https:\/\/bistrotsoleil.com\/#organization","name":"Bistrot Soleil","url":"https:\/\/bistrotsoleil.com\/","logo":{"@type":"ImageObject","inLanguage":"fr-FR","@id":"https:\/\/bistrotsoleil.com\/#\/schema\/logo\/image\/","url":"https:\/\/bistrotsoleil.com\/wp-content\/uploads\/2022\/10\/cropped-Logo-Bistrot-Soleil-transparent-.png","contentUrl":"https:\/\/bistrotsoleil.com\/wp-content\/uploads\/2022\/10\/cropped-Logo-Bistrot-Soleil-transparent-.png","width":1072,"height":1048,"caption":"Bistrot Soleil"},"image":{"@id":"https:\/\/bistrotsoleil.com\/#\/schema\/logo\/image\/"}}]}},"_links":{"self":[{"href":"https:\/\/bistrotsoleil.com\/index.php\/wp-json\/wp\/v2\/pages\/364","targetHints":{"allow":["GET"]}}],"collection":[{"href":"https:\/\/bistrotsoleil.com\/index.php\/wp-json\/wp\/v2\/pages"}],"about":[{"href":"https:\/\/bistrotsoleil.com\/index.php\/wp-json\/wp\/v2\/types\/page"}],"author":[{"embeddable":true,"href":"https:\/\/bistrotsoleil.com\/index.php\/wp-json\/wp\/v2\/users\/1"}],"replies":[{"embeddable":true,"href":"https:\/\/bistrotsoleil.com\/index.php\/wp-json\/wp\/v2\/comments?post=364"}],"version-history":[{"count":22,"href":"https:\/\/bistrotsoleil.com\/index.php\/wp-json\/wp\/v2\/pages\/364\/revisions"}],"predecessor-version":[{"id":397,"href":"https:\/\/bistrotsoleil.com\/index.php\/wp-json\/wp\/v2\/pages\/364\/revisions\/397"}],"wp:attachment":[{"href":"https:\/\/bistrotsoleil.com\/index.php\/wp-json\/wp\/v2\/media?parent=364"}],"curies":[{"name":"wp","href":"https:\/\/api.w.org\/{rel}","templated":true}]}}